divisor of s and 6.
6
Let o = 1 + 2. Let r = 15 - o. Calculate the greatest common divisor of r and 6.
6
Let l(p) = p**3 - 3*p**2 + 4. Let j be l(3). Suppose -j*z = -z - 36. Suppose 4*k + 36 = 5*u, 4*k - 9*k - 8 = 3*u. What is the greatest common factor of z and u?
4
Let m(i) = -83*i + 1. Let a be m(-4). Suppose -4*r - 9 = -a. Calculate the highest common divisor of 9 and r.
9
Let p(b) = b + 1. Let t be p(4). What is the highest common factor of t and 40?
5
Let a(t) = 3*t - 16. Let n be a(6). Suppose 5*x = -q + 22, -2*x = -3*q + 2*x - 10. Calculate the highest common divisor of n and q.
2
Let j = -2 - -4. Suppose 0 = s + g + g - 10, 28 = 5*s - g. Suppose 2*y + 8 = s*y. What is the highest common divisor of j and y?
2
Let d be (22/4)/(1/2). Let q(b) = -4 + 0*b + 4*b - 3*b. Let m be q(5). What is the highest common factor of m and d?
1
Let i = 291 + -121. Calculate the greatest common factor of i and 17.
17
Let j = 8 - 3. Suppose -17 = j*v - 142. Calculate the greatest common factor of 10 and v.
5
Suppose 122 = 8*a - 270. What is the greatest common factor of 147 and a?
49
Suppose 0 = -x - 4*s - 12, 3*x + 3*s - 9 = 0. Let j = 71 + -51. What is the highest common factor of j and x?
4
Let d(c) = 13*c**2 + 3*c + 2. Let m be d(-2). Let s be (-8 - -9) + 22/2. What is the greatest common divisor of s and m?
12
Let m = 38 + -3. What is the greatest common factor of m and 7?
7
Suppose -52 = -4*l - 4. Let r = l - 4. What is the greatest common factor of r and 16?
8
Suppose 5*z + 3*n = -0*n + 178, 5*n = -20. What is the greatest common divisor of z and 152?
38
Suppose 0 = 5*f - 0*f - 10. Let a(x) = 18*x**3 - 2*x + 3. Let d be a(f). Calculate the greatest common divisor of d and 13.
13
Let g be -1 + (45 - (-10)/(-5)). Calculate the greatest common divisor of 12 and g.
6
Let c be (-6)/(-3) + (-27)/1. Let t = -139 - -93. Let k = c - t. Calculate the greatest common factor of k and 21.
21
Suppose 0*s + s = 90. Let d = 40 + -20. Suppose -2*c + 0*c = -d. Calculate the greatest common factor of c and s.
10
Let k = 18 - 32. Let z = 4 - k. Let m = 37 + z. What is the highest common divisor of 5 and m?
5
Suppose 4*u - 73 = 347. Let g(f) be the first derivative of -3*f**2/2 + 1. Let x be g(-5). Calculate the greatest common divisor of x and u.
15
Let l be 5/(15/9) - 2. Suppose -p - l + 11 = 0. Calculate the highest common factor of 40 and p.
10
Let a = 5 + -17. Let p be 1 + (-2 + 1 - a). Let q = 40 + 8. What is the highest common factor of p and q?
12
Suppose -7*t + 23 = 4*x - 6*t, -3*x + 16 = t. Let g = x - 6. Calculate the highest common factor of g and 9.
1
Let c = 3 - 6. Let u be (-2)/c*(-18)/12. Let s(p) = -14*p - 1. Let n be s(u). Calculate the highest common divisor of 39 and n.
13
Let u be (1 - (-5)/(-3))*-3. Suppose u*j = -2*j + 24. Let m = 54 + 12. What is the greatest common factor of m and j?
6
Suppose -3*a + 85 = -0*v - 2*v, -3*a + 5*v = -73. What is the greatest common factor of 155 and a?
31
Let g(r) = 15*r**3 + 1. Let j be g(1). Let b(d) = 3*d. Let f be b(-2). Let s be (-1)/((-6)/(-64))*f. What is the highest common factor of s and j?
16
Suppose -3*l - 11 = -5*l + 3*d, -4*d - 17 = -3*l. What is the highest common divisor of l and 63?
7
Let z = 2 - -2. Suppose 5*o + k - 21 = 60, -3*o + 44 = -z*k. Calculate the highest common factor of o and 80.
16
Suppose -i = -3*i + 24. Let c = i + 9. What is the greatest common divisor of 7 and c?
7
Let f = 22 - 4. Suppose 0*h = h - f. Calculate the greatest common divisor of 9 and h.
9
Let d(a) = -a**2 - 4*a + 12. Let m be d(0). Calculate the greatest common divisor of 96 and m.
12
Let g be 3*((-170)/45 + 4)*84. Calculate the highest common divisor of 8 and g.
8
Let z = 40 - 26. What is the greatest common divisor of 2 and z?
2
Suppose 0*z + f = z - 20, 3*z - 60 = 2*f. Suppose -a + 2 = -2. Suppose -2*t = 8, -70 = -4*g + a*t + 146. What is the highest common divisor of g and z?
10
Let h = -27 - -48. Suppose -m = 25 - 109. Calculate the greatest common factor of m and h.
21
Let n(d) = -20*d**3 + 2*d**2 - 1. Let w be n(-1). Calculate the highest common factor of 3 and w.
3
Let d = 7 + 29. What is the highest common factor of 288 and d?
36
Let g be (-4)/(6*10/(-645)). What is the highest common divisor of g and 86?
43
Let l = -9 + 11. Let v be (14 - -8)*l/4. Calculate the greatest common divisor of 99 and v.
11
Let q = -623 - -924. Calculate the highest common factor of q and 43.
43
Let l be 0/(3 - 0) - 0. Suppose -5*g = 5*o - 3*o - 15, -o - 5*g + 15 = l. Let q be 3 + (3 - -14) - o. Calculate the highest common divisor of q and 2.
2
Let b = 12 - 9. Suppose 0 = 5*c + b*z - 5, 2*z = -5*c + 5*z + 35. What is the greatest common factor of c and 2?
2
Let n(v) = -v**3 + 3*v - 2. Let x be n(3). Let z = x - -38. Calculate the highest common divisor of z and 9.
9
Let j be (-20)/(-9) + 2/(-9). Let q be -15*(2/3)/(-2). Suppose 31 = q*l - 39. What is the greatest common divisor of l and j?
2
Suppose -2*a - a + 242 = -u, -238 = -3*a - u. Calculate the greatest common factor of 32 and a.
16
Suppose 0 = -c + 63 + 168. Calculate the highest common divisor of c and 21.
21
Suppose 538 = 4*y - 230. Calculate the greatest common factor of y and 24.
24
Let y be (-117)/(-6)*(-4)/2. Let x be (y + -1)*(-12)/10. What is the greatest common factor of 32 and x?
16
Suppose -392*r = -391*r - 52. Suppose 2*i = i + 13. Suppose 0 = -g + i. Calculate the highest common factor of r and g.
13
Let o = 3 + 3. Let i be -1*2*o/(-4). Let z be 8 + -3*i/(-9). What is the greatest common factor of 99 and z?
9
Let y be ((-3)/(3/8) - 1)*-11. Calculate the highest common divisor of 9 and y.
9
Let i be 1*(-2)/4*12. Let u be (-218)/(-10) + i/(-30). Calculate the highest common factor of 33 and u.
11
Let p = 6 + -7. Let f be p/6 + (-1362)/36. Let t be (f/(-6))/((-1)/(-9)). What is the highest common factor of t and 19?
19
Let h = -139 + 149. Calculate the greatest common divisor of h and 80.
10
Let m be 1856/56 - (-1)/(-7). What is the greatest common factor of m and 22?
11
Suppose 0 = 4*j - 12, 0 = -m - 3*j + 12 - 0. Let b = m - -1. What is the greatest common divisor of 44 and b?
4
Let o = 6 + -6. Suppose -3*x + 4*x - 6 = o. What is the greatest common divisor of 3 and x?
3
Let n be (-180)/(-13) - 14/(-91). What is the greatest common divisor of 2 and n?
2
Let r = 38 - 12. Let z be 39/(-2)*(-4)/6. What is the highest common divisor of z and r?
13
Let o = -59 - -110. Calculate the highest common factor of o and 68.
17
Let x be 10/3*(-12)/(-10). Suppose 4*o + x*t = 616, -2*t + 1 = -1. Calculate the greatest common factor of o and 17.
17
Let q = -5 - -6. Let p(c) = 3*c + 1. Let b be p(q). Suppose 0 = b*y - 8, -6*m = -m - y - 43. What is the highest common factor of 72 and m?
9
Suppose -7*u - 10*u + 374 = 0. What is the greatest common factor of u and 22?
22
Let i(u) = -u**2 - u + 173. Let f be i(0). Suppose -s + f - 2 = 0. What is the highest common factor of s and 19?
19
Let z = -78 - -254. Suppose 3*p + p - z = 0. Calculate the greatest common divisor of 11 and p.
11
Let a(c) = 69*c - 15. Let y be a(5). Let d be y/11 + 3/1. Calculate the greatest common divisor of 22 and d.
11
Let y be (8/12 - 1)*-18. Suppose m - 24 = -m. What is the highest common factor of y and m?
6
Let o(l) = 12*l. Let j be o(6). Calculate the highest common divisor of 180 and j.
36
Let v(g) = g**2 - 7*g - 3. Let s be v(13). Calculate the greatest common divisor of 15 and s.
15
Let m = -22 + 41. Suppose -109 = -4*l + m. What is the greatest common factor of 4 and l?
4
Let y(f) = -f**2 - 3. Let w be y(3). Let l be w/9*(-3 + 0). Suppose t + 54 = l*t. What is the greatest common divisor of t and 36?
18
Let v be (2/(-4))/((-1)/(-20)). Let j be (-24)/v + (-8)/20. What is the highest common divisor of j and 3?
1
Let x be ((-3)/2)/(6/(-856)). Suppose -2*z - 2*t = -x, z - 99 = -0*t + 3*t. Suppose -17 = -l + 4. What is the greatest common divisor of z and l?
21
Let g(z) = 2*z**3 + 6*z**2 - 4. Let t be g(-4). Let j = -26 - t. Suppose -5*f + 80 = 3*f. What is the highest common divisor of j and f?
10
Let w be 4/((-2)/3*-2). Suppose 2*k - 60 = -w*k. What is the greatest common factor of 4 and k?
4
Let a be ((-6)/4)/(6/(-40)). What is the highest common factor of a and 10?
10
Let w(j) = -j + 10. Let t b